 w?
16
Suppose 0*q + 3*q = 5*n - 16787, -2*q + 16792 = 5*n. What is the highest common factor of 46 and n?
46
Let t(k) = k**2 - 127*k + 2725. Let n be t(26). What is the greatest common divisor of n and 14949?
99
Let w(s) = 7*s**3 + 9*s**2 - 75*s + 354. Let j be w(8). What is the greatest common divisor of j and 247?
19
Let a(o) = -2*o**2 - 98*o + 41. Let q be a(-42). Suppose -q = -5*i + 981. What is the highest common factor of i and 14?
14
Let q be (233 - 1*-1) + 0. Let j be (-222)/2775 + (-3260)/(-125). Calculate the greatest common factor of j and q.
26
Let p(h) = 7*h**2 - h - 120. Let t be p(7). What is the highest common factor of t and 2052?
108
Suppose -8*n + 318 = -5*n. Suppose -18 = -4*h + n. Suppose 7 = -6*j + h. Calculate the greatest common divisor of 10 and j.
2
Let i be (-10)/(-15) + (-8)/(-6). Suppose -72 = -n - i*n. What is the greatest common factor of n and 78?
6
Let w be (-48)/24*(-2)/(-4)*(-3266)/2. What is the highest common divisor of 69 and w?
23
Let v(i) = -i**2 + 9*i - 217. Let z be v(0). Let w = 439 - -31. Let o = w + z. Calculate the highest common factor of 23 and o.
23
Suppose -368 = -5*z - 2*o, -2*z + 9*o = 4*o - 182. Let s(v) = 106*v**2 - 4*v + 2. Let p be s(2). Calculate the greatest common factor of z and p.
38
Suppose a + 1260 = 55*a - 2412. Calculate the highest common divisor of 4250 and a.
34
Let z be (-4 + (-6 - -4))/(-1) + 5. Let h(j) = 8*j**2 + j - 7. Let p be h(6). Let o = -188 + p. Calculate the highest common divisor of o and z.
11
Let k(n) = 16*n**2 + 40*n - 52. Let b be k(4). Calculate the greatest common factor of 2093 and b.
91
Let c be -2 - (25/100 - (-7490)/(-8)). Suppose x - 6*x + 3*l + c = 0, -725 = -4*x - 5*l. What is the highest common factor of 74 and x?
37
Let y be 31 + 1/(-3) + 20/15. Let p be (2 + 12/(-8))/(1/(-2)). Let w be -6*p*3 + (1 - 3). What is the greatest common divisor of w and y?
16
Let m be (-6 - -5) + -264 + 0. Suppose -4*j - z - 1505 = -0*z, -4*z - 365 = j. Let n = m - j. What is the highest common factor of 16 and n?
16
Let g be 2/(-7) - (-156)/7. Suppose 5*o = -4*f + 113, -5*f + 10*f = -3*o + 125. What is the highest common factor of f and g?
22
Let g(i) = 5*i**3 + 699*i**2 - 155*i + 225. Let j be g(-140). Calculate the greatest common factor of j and 620.
155
Let b = 2549 - -3215. What is the greatest common divisor of b and 44?
44
Suppose -g - 12*g = -26. Suppose 4*h = 3*c + 34, h + g*c = 4*h - 26. What is the greatest common divisor of 10 and h?
10
Let u = -27391 - -31807. Calculate the greatest common divisor of 576 and u.
192
Let v(y) be the third derivative of y**4/8 - 5*y**3/3 - 10*y**2. Let w be v(8). Let c = 16 - -12. What is the greatest common divisor of w and c?
14
Suppose -2*u + 1 = -5. Suppose -q = 2*p + 9, -q + 31 = -u*p + q. Let y = p + 13. What is the highest common factor of 42 and y?
6
Suppose 5*d = 7*m - 6012, -10*d = 2*m - 12*d - 1716. Calculate the greatest common factor of m and 336.
21
Let k = 20717 + -15621. What is the highest common divisor of k and 520?
104
Let c be (0 - -3)/(-18) + (-58719)/(-666). What is the highest common factor of c and 11?
11
Let v(y) = -7*y - 5. Let f(r) = 6*r + 6. Let h(t) = 3*f(t) + 4*v(t). Let a be h(-2). Let q = 2753 + -2699. Calculate the highest common divisor of a and q.
18
Let i = 17 - -101. Let k = i - 114. Suppose k*p - 10 = 2*o, -3*p - p = -12. Calculate the greatest common divisor of 2 and o.
1
Let q = -43 + 45. Let w be 3/((2/q)/(-1)). Let l be -6*(-450)/(-24)*2/w. Calculate the highest common divisor of 25 and l.
25
Suppose -161506 - 123303 = -18*f + 233051. What is the highest common factor of 137 and f?
137
Let z = -121 + 178. What is the highest common factor of z and 4503?
57
Suppose -47*b - 30135 + 97956 = 0. Calculate the greatest common factor of b and 975.
39
Let f = -179 + 294. Let a be 4*3/4*-5. Let s be 2/6*137 + (-5)/a. What is the greatest common factor of s and f?
23
Suppose 152*o - 354 = 14390. What is the highest common divisor of 4 and o?
1
Suppose 24*x - 3077 = 91699. Suppose 5*r + 5*q = -1384 + x, 0 = 5*q - 10. Calculate the highest common factor of 146 and r.
73
Let m = 29 + -24. Let l = -15 + -16. Let d = l + 33. What is the greatest common factor of m and d?
1
Let a(j) = -5*j**3 + 10*j**2 + 19*j + 6. Let u be a(-6). Suppose 3*b - u = 4*q, -6*q - 2225 = -5*b - q. What is the greatest common factor of 28 and b?
28
Let t = 634 + -630. Suppose 0 = -m - t*m + 880. What is the greatest common divisor of 112 and m?
16
Let z be (-3 + 18)/(3/2). Suppose -3*d = -5*r + d + 830, 3*d - 15 = 0. Let s = r + -165. What is the highest common factor of z and s?
5
Suppose 17*y + 17 = 16*y - 4*p, -4*p = 20. Calculate the greatest common divisor of y and 2187.
3
Let p = 12174 - 12146. What is the highest common divisor of 8792 and p?
28
Let g be 21/28*12/9 + 270. Suppose 41 = 13*h - g. What is the highest common divisor of 336 and h?
24
Let i = -2153 + 2195. What is the highest common divisor of i and 387?
3
Suppose -6 = -5*f - f. Let l be ((-60)/24)/((f + -4)/330). Calculate the greatest common factor of l and 25.
25
Let j(c) = c**3 - 7*c. Let w = 25 - 20. Let o be j(w). Suppose 0 = 4*m - 2*m - o. Calculate the highest common factor of 15 and m.
15
Let r(k) = 305*k**2 + 4*k + 6. Let m be r(-2). Suppose -22*n = -29*n + m. Calculate the highest common factor of 6 and n.
6
Let j = 34 + -32. Suppose -j*p + 4*p - 102 = 0. Let k = p - 21. What is the greatest common factor of 15 and k?
15
Let l be 5/6 + (-8821775)/(-1002). Calculate the highest common factor of 15 and l.
15
Let h(b) = 2*b**3 + 2*b**2 - 6*b - 8. Let m be h(-2). Let f(j) = -83*j - 9. Let v be f(m). What is the highest common factor of 17 and v?
17
Let j be (-1 - (-9)/7) + 147280/392. Let k(p) = 6*p**3 + p**2 - 4*p + 3. Let c be k(2). What is the greatest common factor of j and c?
47
Let g be ((-10)/20)/(-3 + ((-168125)/11210)/(-5)). Calculate the highest common factor of g and 531.
59
Let z = -1945 - -2036. Let f be 1 + (14 - 3) + 1. Calculate the highest common factor of z and f.
13
Let t be (404/(-1010))/((-1)/140). What is the highest common divisor of 1526 and t?
14
Let u be (10 - 2)*(-7)/((-280)/45). Suppose -u*k - 1674 = -8685. Calculate the highest common divisor of k and 41.
41
Let s(t) = 10*t + 65. Let w be s(-6). Suppose 0 = -u - u + 3*c + 113, -2*c + 292 = w*u. Calculate the highest common divisor of 2 and u.
2
Let z be (-1)/(2 + 25/(-10)). Let n be 10*(-3)/12*z. Let c(i) = -5*i - 15. Let l be c(n). Calculate the greatest common factor of l and 25.
5
Suppose -12*q + 54 = -6*q. Suppose 0 = -4*j + 47 + q. Let l(c) = 5*c**2 + 8*c - 11. Let a be l(5). Calculate the greatest common divisor of j and a.
14
Let m(z) = -2*z**2 + 3*z**2 + z + 8 + 4. Let x be m(0). Let r be 162/(13/26 - 1/(-1)). Calculate the highest common factor of x and r.
12
Let w = 3399 + -3216. What is the greatest common factor of w and 13908?
183
Let m(b) be the third derivative of 23*b**5/2 + 7*b**4/6 + 14*b**3/3 - 61*b**2. Let r be m(-1). What is the highest common divisor of r and 30?
30
Let a = 1000 - 584. Suppose 83*r = 81*r + a. What is the highest common factor of 78 and r?
26
Suppose -10 = -5*k - 30. Let f be 51/(-6)*k/2. Suppose 8*i - 15*i + 1071 = 0. Calculate the greatest common divisor of f and i.
17
Let c(i) = i**2 - 590*i - 7203. Let w be c(-12). Calculate the highest common divisor of w and 12453.
21
Let c(p) = -6*p**2 - 23*p + 4. Let o be c(-4). Let k be (7/(-7) - 22/(-2)) + o. What is the highest common factor of k and 70?
10
Let m(d) = -184*d. Let c be m(-1). Suppose -9*h - 4*x = -13*h + 20, 16 = 2*h - 5*x. Suppose 7*t - h*t - 92 = 0. Calculate the highest common factor of c and t.
23
Let c(v) = -2838*v**2 + 2904*v + 2. Let y be c(1). Let z(m) = -m**3 - m**2 + 1088. Let r be z(0). Calculate the greatest common factor of y and r.
68
Let x = -2530 + 2576. What is the highest common factor of x and 1863?
23
Let f(i) = -264*i + 13. Let o be f(-2). Suppose 22*j - o = 1923. Calculate the highest common divisor of 196 and j.
28
Let u = -137163 + 137179. Let v = -1 + -1. Let q be v/8 + 193/4. Calculate the highest common divisor of u and q.
16
Let u be (368/(-69))/(22/(-99)). What is the highest common divisor of 72 and u?
24
Let b(w) = 2*w**2 - 22*w + 26. 